[INFO] cloning repository https://github.com/Abacaxi-Nelson/webscraper
[INFO] running `Command { std: "git" "-c" "credential.helper=" "-c" "credential.helper=/workspace/cargo-home/bin/git-credential-null" "clone" "--bare" "https://github.com/Abacaxi-Nelson/webscraper" "/workspace/cache/git-repos/https%3A%2F%2Fgithub.com%2FAbacaxi-Nelson%2Fwebscraper", kill_on_drop: false }`
[INFO] [stderr] Cloning into bare repository '/workspace/cache/git-repos/https%3A%2F%2Fgithub.com%2FAbacaxi-Nelson%2Fwebscraper'...
[INFO] running `Command { std: "git" "rev-parse" "HEAD", kill_on_drop: false }`
[INFO] [stdout] b79a277eb84f756c647ce7e0cb9c74b853b41ca2
[INFO] checking Abacaxi-Nelson/webscraper against master#e6e4f7ed1589e03bc2f6c5931c1a72e7947e8682 for beta-170-4
[INFO] running `Command { std: "git" "clone" "/workspace/cache/git-repos/https%3A%2F%2Fgithub.com%2FAbacaxi-Nelson%2Fwebscraper" "/workspace/builds/worker-0-tc2/source", kill_on_drop: false }`
[INFO] [stderr] Cloning into '/workspace/builds/worker-0-tc2/source'...
[INFO] [stderr] done.
[INFO] validating manifest of git repo https://github.com/Abacaxi-Nelson/webscraper on toolchain e6e4f7ed1589e03bc2f6c5931c1a72e7947e8682
[INFO] running `Command { std: CARGO_HOME="/workspace/cargo-home" RUSTUP_HOME="/workspace/rustup-home" "/workspace/cargo-home/bin/cargo" "+e6e4f7ed1589e03bc2f6c5931c1a72e7947e8682" "metadata" "--manifest-path" "Cargo.toml" "--no-deps", kill_on_drop: false }`
[INFO] started tweaking git repo https://github.com/Abacaxi-Nelson/webscraper
[INFO] finished tweaking git repo https://github.com/Abacaxi-Nelson/webscraper
[INFO] tweaked toml for git repo https://github.com/Abacaxi-Nelson/webscraper written to /workspace/builds/worker-0-tc2/source/Cargo.toml
[INFO] crate git repo https://github.com/Abacaxi-Nelson/webscraper already has a lockfile, it will not be regenerated
[INFO] running `Command { std: CARGO_HOME="/workspace/cargo-home" RUSTUP_HOME="/workspace/rustup-home" "/workspace/cargo-home/bin/cargo" "+e6e4f7ed1589e03bc2f6c5931c1a72e7947e8682" "fetch" "--manifest-path" "Cargo.toml", kill_on_drop: false }`
[INFO] running `Command { std: "docker" "create" "-v" "/var/lib/crater-agent-workspace/builds/worker-0-tc2/target:/opt/rustwide/target:rw,Z" "-v" "/var/lib/crater-agent-workspace/builds/worker-0-tc2/source:/opt/rustwide/workdir:ro,Z" "-v" "/var/lib/crater-agent-workspace/cargo-home:/opt/rustwide/cargo-home:ro,Z" "-v" "/var/lib/crater-agent-workspace/rustup-home:/opt/rustwide/rustup-home:ro,Z" "-e" "SOURCE_DIR=/opt/rustwide/workdir" "-e" "CARGO_TARGET_DIR=/opt/rustwide/target" "-e" "CARGO_HOME=/opt/rustwide/cargo-home" "-e" "RUSTUP_HOME=/opt/rustwide/rustup-home" "-w" "/opt/rustwide/workdir" "-m" "1610612736" "--user" "0:0" "--network" "none" "ghcr.io/rust-lang/crates-build-env/linux@sha256:19e73879b68f455e41552ea35293514db52ea292d993f571636dbffedb77a1ee" "/opt/rustwide/cargo-home/bin/cargo" "+e6e4f7ed1589e03bc2f6c5931c1a72e7947e8682" "metadata" "--no-deps" "--format-version=1", kill_on_drop: false }`
[INFO] [stdout] 81fac3fa08db5d48bae551f8c6d0e23fb3198b4f8ddea7d671254d9f60ba1944
[INFO] running `Command { std: "docker" "start" "-a" "81fac3fa08db5d48bae551f8c6d0e23fb3198b4f8ddea7d671254d9f60ba1944", kill_on_drop: false }`
[INFO] running `Command { std: "docker" "inspect" "81fac3fa08db5d48bae551f8c6d0e23fb3198b4f8ddea7d671254d9f60ba1944", kill_on_drop: false }`
[INFO] running `Command { std: "docker" "rm" "-f" "81fac3fa08db5d48bae551f8c6d0e23fb3198b4f8ddea7d671254d9f60ba1944", kill_on_drop: false }`
[INFO] [stdout] 81fac3fa08db5d48bae551f8c6d0e23fb3198b4f8ddea7d671254d9f60ba1944
[INFO] running `Command { std: "docker" "create" "-v" "/var/lib/crater-agent-workspace/builds/worker-0-tc2/target:/opt/rustwide/target:rw,Z" "-v" "/var/lib/crater-agent-workspace/builds/worker-0-tc2/source:/opt/rustwide/workdir:ro,Z" "-v" "/var/lib/crater-agent-workspace/cargo-home:/opt/rustwide/cargo-home:ro,Z" "-v" "/var/lib/crater-agent-workspace/rustup-home:/opt/rustwide/rustup-home:ro,Z" "-e" "SOURCE_DIR=/opt/rustwide/workdir" "-e" "CARGO_TARGET_DIR=/opt/rustwide/target" "-e" "CARGO_INCREMENTAL=0" "-e" "RUST_BACKTRACE=full" "-e" "RUSTFLAGS=--cap-lints=forbid" "-e" "RUSTDOCFLAGS=--cap-lints=forbid" "-e" "CARGO_HOME=/opt/rustwide/cargo-home" "-e" "RUSTUP_HOME=/opt/rustwide/rustup-home" "-w" "/opt/rustwide/workdir" "-m" "1610612736" "--user" "0:0" "--network" "none" "ghcr.io/rust-lang/crates-build-env/linux@sha256:19e73879b68f455e41552ea35293514db52ea292d993f571636dbffedb77a1ee" "/opt/rustwide/cargo-home/bin/cargo" "+e6e4f7ed1589e03bc2f6c5931c1a72e7947e8682" "check" "--frozen" "--all" "--all-targets" "--message-format=json", kill_on_drop: false }`
[INFO] [stdout] e1a5d8d7e1aa8e63bfa3508a445576f028ab33242cccbc3b60953dce0433c29f
[INFO] running `Command { std: "docker" "start" "-a" "e1a5d8d7e1aa8e63bfa3508a445576f028ab33242cccbc3b60953dce0433c29f", kill_on_drop: false }`
[INFO] [stderr]     Checking webscraper v0.1.0 (/opt/rustwide/workdir)
[INFO] [stdout] error[E0433]: failed to resolve: use of undeclared crate or module `reqwest`
[INFO] [stdout]   --> src/main.rs:70:19
[INFO] [stdout]    |
[INFO] [stdout] 70 |     let mut res = reqwest::blocking::get(url);
[INFO] [stdout]    |                   ^^^^^^^ use of undeclared crate or module `reqwest`
[INFO] [stdout] 
[INFO] [stdout] 
[INFO] [stdout] error[E0433]: failed to resolve: use of undeclared crate or module `reqwest`
[INFO] [stdout]   --> src/main.rs:70:19
[INFO] [stdout]    |
[INFO] [stdout] 70 |     let mut res = reqwest::blocking::get(url);
[INFO] [stdout]    |                   ^^^^^^^ use of undeclared crate or module `reqwest`
[INFO] [stdout] 
[INFO] [stdout] 
[INFO] [stdout] error[E0308]: arguments to this function are incorrect
[INFO] [stdout]   --> src/main.rs:50:34
[INFO] [stdout]    |
[INFO] [stdout] 50 |                     let result = search_search_in_url(url, search);
[INFO] [stdout]    |                                  ^^^^^^^^^^^^^^^^^^^^ ---  ------ expected `String`, found `&str`
[INFO] [stdout]    |                                                       |
[INFO] [stdout]    |                                                       expected `String`, found `&str`
[INFO] [stdout]    |
[INFO] [stdout] note: function defined here
[INFO] [stdout]   --> src/main.rs:69:4
[INFO] [stdout]    |
[INFO] [stdout] 69 | fn search_search_in_url(url: String, search: String) -> String {
[INFO] [stdout]    |    ^^^^^^^^^^^^^^^^^^^^ -----------  --------------
[INFO] [stdout] help: try using a conversion method
[INFO] [stdout]    |
[INFO] [stdout] 50 |                     let result = search_search_in_url(url.to_string(), search);
[INFO] [stdout]    |                                                          ++++++++++++
[INFO] [stdout] help: try using a conversion method
[INFO] [stdout]    |
[INFO] [stdout] 50 |                     let result = search_search_in_url(url, search.to_string());
[INFO] [stdout]    |                                                                  ++++++++++++
[INFO] [stdout] 
[INFO] [stdout] 
[INFO] [stdout] error[E0308]: arguments to this function are incorrect
[INFO] [stdout]   --> src/main.rs:50:34
[INFO] [stdout]    |
[INFO] [stdout] 50 |                     let result = search_search_in_url(url, search);
[INFO] [stdout]    |                                  ^^^^^^^^^^^^^^^^^^^^ ---  ------ expected `String`, found `&str`
[INFO] [stdout]    |                                                       |
[INFO] [stdout]    |                                                       expected `String`, found `&str`
[INFO] [stdout]    |
[INFO] [stdout] note: function defined here
[INFO] [stdout]   --> src/main.rs:69:4
[INFO] [stdout]    |
[INFO] [stdout] 69 | fn search_search_in_url(url: String, search: String) -> String {
[INFO] [stdout]    |    ^^^^^^^^^^^^^^^^^^^^ -----------  --------------
[INFO] [stdout] help: try using a conversion method
[INFO] [stdout]    |
[INFO] [stdout] 50 |                     let result = search_search_in_url(url.to_string(), search);
[INFO] [stdout]    |                                                          ++++++++++++
[INFO] [stdout] help: try using a conversion method
[INFO] [stdout]    |
[INFO] [stdout] 50 |                     let result = search_search_in_url(url, search.to_string());
[INFO] [stdout]    |                                                                  ++++++++++++
[INFO] [stdout] 
[INFO] [stdout] 
[INFO] [stdout] error[E0308]: mismatched types
[INFO] [stdout]   --> src/main.rs:69:57
[INFO] [stdout]    |
[INFO] [stdout] 69 | fn search_search_in_url(url: String, search: String) -> String {
[INFO] [stdout]    |    --------------------                                 ^^^^^^ expected `String`, found `()`
[INFO] [stdout]    |    |
[INFO] [stdout]    |    implicitly returns `()` as its body has no tail or `return` expression
[INFO] [stdout] 
[INFO] [stdout] 
[INFO] [stdout] error[E0308]: mismatched types
[INFO] [stdout]   --> src/main.rs:69:57
[INFO] [stdout]    |
[INFO] [stdout] 69 | fn search_search_in_url(url: String, search: String) -> String {
[INFO] [stdout]    |    --------------------                                 ^^^^^^ expected `String`, found `()`
[INFO] [stdout]    |    |
[INFO] [stdout]    |    implicitly returns `()` as its body has no tail or `return` expression
[INFO] [stdout] 
[INFO] [stdout] 
[INFO] [stdout] error: aborting due to 3 previous errors
[INFO] [stdout] 
[INFO] [stdout] 
[INFO] [stdout] Some errors have detailed explanations: E0308, E0433.
[INFO] [stdout] 
[INFO] [stdout] error: aborting due to 3 previous errors
[INFO] [stdout] 
[INFO] [stdout] 
[INFO] [stdout] For more information about an error, try `rustc --explain E0308`.
[INFO] [stdout] 
[INFO] [stdout] Some errors have detailed explanations: E0308, E0433.
[INFO] [stdout] 
[INFO] [stdout] For more information about an error, try `rustc --explain E0308`.
[INFO] [stdout] 
[INFO] [stderr] error: could not compile `webscraper` (bin "webscraper") due to 4 previous errors
[INFO] [stderr] warning: build failed, waiting for other jobs to finish...
[INFO] [stderr] error: could not compile `webscraper` (bin "webscraper" test) due to 4 previous errors
[INFO] running `Command { std: "docker" "inspect" "e1a5d8d7e1aa8e63bfa3508a445576f028ab33242cccbc3b60953dce0433c29f", kill_on_drop: false }`
[INFO] running `Command { std: "docker" "rm" "-f" "e1a5d8d7e1aa8e63bfa3508a445576f028ab33242cccbc3b60953dce0433c29f", kill_on_drop: false }`
[INFO] [stdout] e1a5d8d7e1aa8e63bfa3508a445576f028ab33242cccbc3b60953dce0433c29f
